{"id":678,"date":"2018-04-17T14:47:08","date_gmt":"2018-04-17T14:47:08","guid":{"rendered":"https:\/\/pastos.es\/?page_id=678"},"modified":"2018-04-17T14:47:08","modified_gmt":"2018-04-17T14:47:08","slug":"objetivos","status":"publish","type":"page","link":"https:\/\/pastos.es\/?page_id=678","title":{"rendered":"Objetivos"},"content":{"rendered":"<p>[et_pb_section bb_built=&#8221;1&#8243; _builder_version=&#8221;3.0.89&#8243; background_image=&#8221;https:\/\/pastos.es\/wp-content\/uploads\/2018\/03\/asociacion.jpg&#8221;][et_pb_row][et_pb_column type=&#8221;4_4&#8243;][et_pb_text admin_label=&#8221;Titulo de pagina&#8221; _builder_version=&#8221;3.0.89&#8243; background_layout=&#8221;dark&#8221; text_font=&#8221;|700|||||||&#8221; text_font_size=&#8221;42px&#8221; text_text_color=&#8221;#ffffff&#8221; text_text_shadow_style=&#8221;preset3&#8243; custom_margin=&#8221;50px||50px|&#8221; text_font_size_tablet=&#8221;35px&#8221; text_font_size_phone=&#8221;30px&#8221; text_font_size_last_edited=&#8221;on|phone&#8221; text_line_height_tablet=&#8221;1.5em&#8221; text_line_height_phone=&#8221;1.2em&#8221; text_line_height_last_edited=&#8221;on|phone&#8221;]<\/p>\n<p style=\"text-align: center;\">OBJETIVOS<\/p>\n<p>[\/et_pb_text][\/et_pb_column][\/et_pb_row][\/et_pb_section][et_pb_section bb_built=&#8221;1&#8243; fullwidth=&#8221;off&#8221; specialty=&#8221;off&#8221;][et_pb_row][et_pb_column type=&#8221;4_4&#8243;][et_pb_text _builder_version=&#8221;3.0.89&#8243; background_layout=&#8221;light&#8221;]<\/p>\n<ul>\n<li class=\"Estilo31\">Contribuir a la conservaci\u00f3n y adecuado desarrollo de la ganader\u00eda extensiva tradicional en Espa\u00f1a, de sus razas y variedades aut\u00f3ctonas amenazadas, para alcanzar un desarrollo social y econ\u00f3mico compatible con la conservaci\u00f3n ambiental.<\/li>\n<li class=\"Estilo31\">Fomentar el estudio, protecci\u00f3n y utilizaci\u00f3n de la Red Nacional de V\u00edas Pecuarias, imprescindible para garantizar la biodiversidad ib\u00e9rica y los ecosistemas interrelacionados por los movimientos trashumantes tradicionales.<\/li>\n<li class=\"Estilo31\">Promover los valores de las culturas rurales de las diferentes comarcas y regiones espa\u00f1olas, contribuyendo a la protecci\u00f3n de la arquitectura popular, la artesan\u00eda, los cultivos tradicionales, la fauna y flora silvestre, los paisajes y dem\u00e1s recursos naturales y culturales del territorio nacional.<\/li>\n<li class=\"Estilo31\">Allegar los fondos que puedan ser reunidos para destinarlos a estos fines.<\/li>\n<li class=\"Estilo31\">Colaborar con otros grupos y asociaciones, tanto de Espa\u00f1a como del extranjero, que tengan an\u00e1logos objetivos.<\/li>\n<li class=\"Estilo31\">Cooperar con la Administraci\u00f3n y los diferentes organismos p\u00fablicos responsables de la conservaci\u00f3n y gesti\u00f3n de los recursos naturales, agr\u00edcolas, ganaderos, culturales y sociales.<\/li>\n<li class=\"Estilo31\">Realizar, en general, cuantos actos l\u00edcitos sean necesarios para la consecuci\u00f3n de estos fines.<\/li>\n<li class=\"Estilo31\">Contribuir a la conservaci\u00f3n de los ecosistemas y las especies amenazadas en \u00e1reas de especial importancia para las aves (ZEPA) y lugares de inter\u00e9s comunitario (LIC) mediante su conexi\u00f3n a trav\u00e9s de las v\u00edas pecuarias.<\/li>\n<li class=\"Estilo31\">Destacar los valores ecol\u00f3gicos y culturales de las v\u00edas pecuarias y su uso tradicional mediante la integraci\u00f3n de los diferentes estudios de investigaci\u00f3n actualmente dispersos.<\/li>\n<li class=\"Estilo31\">Favorecer la disponibilidad de las subvenciones europeas (ayudas agroambientales) a la trashumancia.<\/li>\n<li class=\"Estilo31\">Facilitar el relevo generacional de los pastores. Dignificar la profesi\u00f3n de los ganaderos extensivos mediante el dise\u00f1o de programas formativos integrales y con un nivel t\u00e9cnico elevado.<\/li>\n<\/ul>\n<p>[\/et_pb_text][\/et_pb_column][\/et_pb_row][\/et_pb_section]<\/p>\n","protected":false},"excerpt":{"rendered":"<p>[et_pb_section bb_built=&#8221;1&#8243; _builder_version=&#8221;3.0.89&#8243; background_image=&#8221;https:\/\/pastos.es\/wp-content\/uploads\/2018\/03\/asociacion.jpg&#8221;][et_pb_row][et_pb_column type=&#8221;4_4&#8243;][et_pb_text admin_label=&#8221;Titulo de pagina&#8221; _builder_version=&#8221;3.0.89&#8243; background_layout=&#8221;dark&#8221; text_font=&#8221;|700|||||||&#8221; text_font_size=&#8221;42px&#8221; text_text_color=&#8221;#ffffff&#8221; text_text_shadow_style=&#8221;preset3&#8243; custom_margin=&#8221;50px||50px|&#8221; text_font_size_tablet=&#8221;35px&#8221; text_font_size_phone=&#8221;30px&#8221; text_font_size_last_edited=&#8221;on|phone&#8221; text_line_height_tablet=&#8221;1.5em&#8221; text_line_height_phone=&#8221;1.2em&#8221; text_line_height_last_edited=&#8221;on|phone&#8221;] OBJETIVOS [\/et_pb_text][\/et_pb_column][\/et_pb_row][\/et_pb_section][et_pb_section bb_built=&#8221;1&#8243; fullwidth=&#8221;off&#8221; specialty=&#8221;off&#8221;][et_pb_row][et_pb_column type=&#8221;4_4&#8243;][et_pb_text _builder_version=&#8221;3.0.89&#8243; background_layout=&#8221;light&#8221;] Contribuir a la conservaci\u00f3n y adecuado desarrollo de la ganader\u00eda extensiva tradicional en Espa\u00f1a, de sus razas y variedades aut\u00f3ctonas amenazadas, para alcanzar un desarrollo social [&hellip;]<\/p>\n","protected":false},"author":1,"featured_media":0,"parent":0,"menu_order":0,"comment_status":"closed","ping_status":"closed","template":"","meta":{"_et_pb_use_builder":"on","_et_pb_old_content":"","footnotes":""},"_links":{"self":[{"href":"https:\/\/pastos.es\/index.php?rest_route=\/wp\/v2\/pages\/678"}],"collection":[{"href":"https:\/\/pastos.es\/index.php?rest_route=\/wp\/v2\/pages"}],"about":[{"href":"https:\/\/pastos.es\/index.php?rest_route=\/wp\/v2\/types\/page"}],"author":[{"embeddable":true,"href":"https:\/\/pastos.es\/index.php?rest_route=\/wp\/v2\/users\/1"}],"replies":[{"embeddable":true,"href":"https:\/\/pastos.es\/index.php?rest_route=%2Fwp%2Fv2%2Fcomments&post=678"}],"version-history":[{"count":1,"href":"https:\/\/pastos.es\/index.php?rest_route=\/wp\/v2\/pages\/678\/revisions"}],"predecessor-version":[{"id":679,"href":"https:\/\/pastos.es\/index.php?rest_route=\/wp\/v2\/pages\/678\/revisions\/679"}],"wp:attachment":[{"href":"https:\/\/pastos.es\/index.php?rest_route=%2Fwp%2Fv2%2Fmedia&parent=678"}],"curies":[{"name":"wp","href":"https:\/\/api.w.org\/{rel}","templated":true}]}}

<p>[et_pb_section bb_built=&#8221;1&#8243; _builder_version=&#8221;3.0.89&#8243; background_image=&#8221;https://pastos.es/wp-content/uploads/2018/03/asociacion.jpg&#8221;][et_pb_row][et_pb_column type=&#8221;4_4&#8243;][et_pb_text admin_label=&#8221;Titulo de pagina&#8221; _builder_version=&#8221;3.0.89&#8243; background_layout=&#8221;dark&#8221; text_font=&#8221;|700|||||||&#8221; text_font_size=&#8221;42px&#8221; text_text_color=&#8221;#ffffff&#8221; text_text_shadow_style=&#8221;preset3&#8243; custom_margin=&#8221;50px||50px|&#8221; text_font_size_tablet=&#8221;35px&#8221; text_font_size_phone=&#8221;30px&#8221; text_font_size_last_edited=&#8221;on|phone&#8221; text_line_height_tablet=&#8221;1.5em&#8221; text_line_height_phone=&#8221;1.2em&#8221; text_line_height_last_edited=&#8221;on|phone&#8221;]</p>
<p style="text-align: center;">OBJETIVOS</p>
<p>[/et_pb_text][/et_pb_column][/et_pb_row][/et_pb_section][et_pb_section bb_built=&#8221;1&#8243; fullwidth=&#8221;off&#8221; specialty=&#8221;off&#8221;][et_pb_row][et_pb_column type=&#8221;4_4&#8243;][et_pb_text _builder_version=&#8221;3.0.89&#8243; background_layout=&#8221;light&#8221;]</p>
<ul>
<li class="Estilo31">Contribuir a la conservación y adecuado desarrollo de la ganadería extensiva tradicional en España, de sus razas y variedades autóctonas amenazadas, para alcanzar un desarrollo social y económico compatible con la conservación ambiental.</li>
<li class="Estilo31">Fomentar el estudio, protección y utilización de la Red Nacional de Vías Pecuarias, imprescindible para garantizar la biodiversidad ibérica y los ecosistemas interrelacionados por los movimientos trashumantes tradicionales.</li>
<li class="Estilo31">Promover los valores de las culturas rurales de las diferentes comarcas y regiones españolas, contribuyendo a la protección de la arquitectura popular, la artesanía, los cultivos tradicionales, la fauna y flora silvestre, los paisajes y demás recursos naturales y culturales del territorio nacional.</li>
<li class="Estilo31">Allegar los fondos que puedan ser reunidos para destinarlos a estos fines.</li>
<li class="Estilo31">Colaborar con otros grupos y asociaciones, tanto de España como del extranjero, que tengan análogos objetivos.</li>
<li class="Estilo31">Cooperar con la Administración y los diferentes organismos públicos responsables de la conservación y gestión de los recursos naturales, agrícolas, ganaderos, culturales y sociales.</li>
<li class="Estilo31">Realizar, en general, cuantos actos lícitos sean necesarios para la consecución de estos fines.</li>
<li class="Estilo31">Contribuir a la conservación de los ecosistemas y las especies amenazadas en áreas de especial importancia para las aves (ZEPA) y lugares de interés comunitario (LIC) mediante su conexión a través de las vías pecuarias.</li>
<li class="Estilo31">Destacar los valores ecológicos y culturales de las vías pecuarias y su uso tradicional mediante la integración de los diferentes estudios de investigación actualmente dispersos.</li>
<li class="Estilo31">Favorecer la disponibilidad de las subvenciones europeas (ayudas agroambientales) a la trashumancia.</li>
<li class="Estilo31">Facilitar el relevo generacional de los pastores. Dignificar la profesión de los ganaderos extensivos mediante el diseño de programas formativos integrales y con un nivel técnico elevado.</li>
</ul>
<p>[/et_pb_text][/et_pb_column][/et_pb_row][/et_pb_section]</p>

<p>[et_pb_section bb_built=&#8221;1&#8243; _builder_version=&#8221;3.0.89&#8243; background_image=&#8221;https://pastos.es/wp-content/uploads/2018/03/asociacion.jpg&#8221;][et_pb_row][et_pb_column type=&#8221;4_4&#8243;][et_pb_text admin_label=&#8221;Titulo de pagina&#8221; _builder_version=&#8221;3.0.89&#8243; background_layout=&#8221;dark&#8221; text_font=&#8221;|700|||||||&#8221; text_font_size=&#8221;42px&#8221; text_text_color=&#8221;#ffffff&#8221; text_text_shadow_style=&#8221;preset3&#8243; custom_margin=&#8221;50px||50px|&#8221; text_font_size_tablet=&#8221;35px&#8221; text_font_size_phone=&#8221;30px&#8221; text_font_size_last_edited=&#8221;on|phone&#8221; text_line_height_tablet=&#8221;1.5em&#8221; text_line_height_phone=&#8221;1.2em&#8221; text_line_height_last_edited=&#8221;on|phone&#8221;] OBJETIVOS [/et_pb_text][/et_pb_column][/et_pb_row][/et_pb_section][et_pb_section bb_built=&#8221;1&#8243; fullwidth=&#8221;off&#8221; specialty=&#8221;off&#8221;][et_pb_row][et_pb_column type=&#8221;4_4&#8243;][et_pb_text _builder_version=&#8221;3.0.89&#8243; background_layout=&#8221;light&#8221;] Contribuir a la conservación y adecuado desarrollo de la ganadería extensiva tradicional en España, de sus razas y variedades autóctonas amenazadas, para alcanzar un desarrollo social [&hellip;]</p>
